hat are the prime factors of 236/24 - t/12?
2, 5
Suppose 3*w + 1290 = 5*x + 8*w, -2*x + 491 = -3*w. What are the prime factors of x?
11, 23
Let s(r) = -318*r - 56. List the prime factors of s(-5).
2, 13, 59
Let t(l) = -6*l - 7. Let g be t(-3). Suppose 0 = -g*v + 1139 + 962. List the prime factors of v.
191
What are the prime factors of (-2215)/(-15)*351/13?
3, 443
Let j = 651 - -1658. What are the prime factors of j?
2309
Suppose 0 = -4*i + 2*x + 1188, 5*i - 404 = 5*x + 1091. List the prime factors of i.
5, 59
Suppose 3*t + 8788 = 4*b, 0 = 8*b - 6*b - 4*t - 4394. List the prime factors of b.
13
Suppose 0 = 3*t - h - 10771, 6*t - 8*t + 2*h + 7174 = 0. What are the prime factors of t?
2, 449
What are the prime factors of 1/(7/2) - (-5472)/56?
2, 7
Let t(h) be the second derivative of h**4/12 - 2*h**3 + 6*h**2 - 10*h. Let c be t(15). List the prime factors of c/(-4)*48/(-18).
2, 19
Suppose -16*m = -4572 - 34932. What are the prime factors of m?
3, 823
Let o = 4175 - 2472. What are the prime factors of o?
13, 131
Let y be (4 - (-36)/(-8))*-2. Let h(o) = 115*o**2 + 3*o - 3. What are the prime factors of h(y)?
5, 23
Let v = 5533 - 1971. List the prime factors of v.
2, 13, 137
Suppose 2*x + 196 = 4*b, 8*b - 10*b - 4 = 0. Let q be (-16)/(2*1/(-18)). Let g = x + q. List the prime factors of g.
2, 3, 7
Let n be ((-3)/(-15))/(8/(-60))*30. Suppose -5*z - 25 = 5*w, 5*w - 3*w = -4*z - 4. Let s = w - n. What are the prime factors of s?
37
Let q(k) = 2*k - 16. Let a be q(-10). Let l = a + 57. List the prime factors of l.
3, 7
Suppose 3*i - 1410 = -3*i. What are the prime factors of i?
5, 47
Let g = -126 + 223. List the prime factors of g.
97
Suppose 25*n = 89 + 11. Let f = 244 - 21. Suppose -b = -5*v - 48 + 8, -v = n*b - f. What are the prime factors of b?
5, 11
Let j = -11 - -26. Suppose 2*z + j = 7*z. Suppose 5*k = 3*f - 91, -k + 90 = 5*f + z*k. What are the prime factors of f?
2, 11
Suppose -209*z + 180*z = -39324. What are the prime factors of z?
2, 3, 113
Let g = 2388 - 2304. List the prime factors of g.
2, 3, 7
List the prime factors of 1091 + (-5 - -3 - -3).
2, 3, 7, 13
Let j = 2070 + -669. What are the prime factors of j?
3, 467
Let t be ((-22)/(-33))/((-1)/(-18)). Let g be (t/(-10))/((-1)/5). What are the prime factors of -2 - 0 - (-48)/g?
2, 3
Let o(m) = m**3 - 8*m**2 + 2*m - 6. Let a be o(8). Let r be (28/(-8) + 4)*a. Let n(t) = 2*t**3 - 6*t**2 - 6*t - 6. What are the prime factors of n(r)?
2
Let m(f) be the first derivative of -7*f**2 - 6*f - 28. List the prime factors of m(-12).
2, 3
Let f = -14 + 25. What are the prime factors of (f + -8)/(2/12)?
2, 3
Let b(r) = r**2 - 1. Let x(d) = -58*d**3 - 4*d**2 - d + 6. Let k = 6 - 7. Let q(o) = k*x(o) - 5*b(o). List the prime factors of q(1).
3, 19
Let w(g) = 121*g - 1174. What are the prime factors of w(38)?
2, 107
Let h = 46 - 27. Let o = 56 - h. List the prime factors of o.
37
Let m(j) = -3*j - 16. Let p be m(-6). Suppose 4*q - 5*w = 238, p*q + w - 130 = -2*w. What are the prime factors of q?
2, 31
Suppose 2 = 3*p + 4*v, 4*p + 18 = 2*v + 3*v. Let d be p/(-1) - (54 + -8). Let k = d - -81. What are the prime factors of k?
37
Let t(f) = -8*f + 2. Let k be t(1). Let m be (-178)/k - (-12)/9. Let j = 17 + m. List the prime factors of j.
2, 3
Let z(i) = 15*i + 4. Let g(f) = 14*f + 5. Let r(x) = 5*g(x) - 4*z(x). List the prime factors of r(12).
3, 43
Suppose -b - b + 356 = 0. Let g = -88 + b. Suppose 0 = 4*v - 18 - g. List the prime factors of v.
3
Suppose -12 = -0*j - 3*j. Suppose -j*x - 72 = -2*n, 1 = 2*n + 3*x - 36. Suppose v = s - 8, -n = -5*s - 4*v + 50. What are the prime factors of s?
2, 3
Let g(y) = 5*y**2 - 2*y - 1. Let l be g(2). Let u = l - 15. Let h(j) = -j**3 + j**2 + 32. What are the prime factors of h(u)?
2
Let v(w) = -3*w**2 - 23*w + 26. Let q be v(-19). Let y = q + 897. What are the prime factors of y?
277
Let t be ((-6)/(-4))/(14/56). List the prime factors of 56 - (-3)/((-9)/t).
2, 3
Suppose 203*u = 205*u - 2218. What are the prime factors of u?
1109
Let s = 464 - 193. Let p = -147 + s. What are the prime factors of p?
2, 31
List the prime factors of (-8)/3*(-27)/18 + 521.
3, 5, 7
Suppose 0 = -5*x + 2 + 18. Suppose 2*n + 2 = 10, -x*n = 2*j - 16. Suppose 2*m = 3*m + 3*s - 28, j = -s + 1. List the prime factors of m.
5
Suppose 0 = 2*t - 4*n - 1440, -4*t + 2*n + 884 = -2026. List the prime factors of t.
2, 5, 73
Let i(p) = 2*p**3 + 75*p**2 + 25*p - 101. List the prime factors of i(-36).
2887
Let l = -21 - -21. Suppose -2*a + 140 = 4*r - 68, l = -5*r - 5*a + 265. Let d = 5 + r. What are the prime factors of d?
2, 7
Let q(x) = -439*x + 253. What are the prime factors of q(-3)?
2, 5, 157
Let o(n) = -2*n + 8. Suppose -4 = -u + q, -4*u - 4*q + 9 = -3*u. Let i be o(u). List the prime factors of i + (8 - 2)*2.
2, 5
What are the prime factors of 267 - (25/(-10) - 2/4)?
2, 3, 5
Let a = 13 + 42. Suppose -y - r + 0*r + 61 = 0, y - a = r. Let s = 107 - y. List the prime factors of s.
7
Let t be (3 - 4)/(1 + (-78)/80). Let u = 68 + t. List the prime factors of u.
2, 7
Let n(r) = 3451*r**3 + r**2 - 3*r + 2. What are the prime factors of n(1)?
7, 17, 29
Let j = 12 - 9. Suppose 5*g + 0*h - 70 = -j*h, g - 2*h = 1. What are the prime factors of g?
11
Let x(t) = -t + 5. Let u be x(5). Suppose 2*s + 2*s - 228 = 0. Suppose 0 = -u*h + 3*h - s. List the prime factors of h.
19
Suppose -5*k = -4*k - 162. Suppose 0*c - 4*g = -3*c + 221, -2*c + k = g. List the prime factors of c.
79
Let l = -27 - -23. Let v be 15/(-20) + 13/l. Let g(y) = y**3 + 4*y**2 - 4*y - 2. List the prime factors of g(v).
2, 7
Let x = -558 + 884. List the prime factors of x.
2, 163
Suppose 0 = -36*h + 72192 - 3720. List the prime factors of h.
2, 3, 317
Let u(m) = -m**2 - 3. Let k be u(-3). List the prime factors of (18/k)/((-2)/8).
2, 3
Suppose -4*a + 3*j - 2*j + 775 = 0, 5*j = -3*a + 587. Let q = -134 + a. What are the prime factors of q?
2, 3, 5
Let x be 1 + 696 - (-18 - -16). Suppose n = -3*n - 16, -4*n + x = 5*o. List the prime factors of o.
11, 13
Let z(p) = 63 - 33 - 48 - 16*p. List the prime factors of z(-6).
2, 3, 13
Let s be -4 - 7/(7/(-9)). Suppose r - 2*b = 74, -b + 384 = s*r - 4*b. List the prime factors of r.
2, 3, 13
Suppose 24 = -2*u + 42. Let p(n) = 8*n + 14. List the prime factors of p(u).
2, 43
Let b = -24 + 27. Let o(v) = 0*v**b + 14 + 16*v**2 - 29*v**2 + v**3 + 12*v. What are the prime factors of o(12)?
2, 7
Suppose 2*d - 1 = -y - 14, 4*d - 3*y + 41 = 0. Let i be d/(-2) + (-8 - -40). Suppose 0 = -2*j - i + 112. List the prime factors of j.
2, 19
Let h = -284 + 2768. What are the prime factors of h?
2, 3, 23
Let m(b) = -b - 3. Let u be m(-5). Suppose 3*o = u*a - 22, -3*a - 5*o + 3 = -2*o. Suppose -87 - 3 = -a*s. What are the prime factors of s?
2, 3
List the prime factors of 2/((-14)/917)*(1 + -5).
2, 131
Suppose -5*i + 0*b = 3*b - 3, 0 = -4*i + 3*b + 24. Suppose u - 90 = f + 38, -i*u + 372 = 3*f. What are the prime factors of u?
2, 3, 7
Let k be (-6)/(-18) - (-376)/6. Suppose 0 = 4*g - k - 1. List the prime factors of g.
2
Let p(b) = 4*b + 757. What are the prime factors of p(0)?
757
Let d(l) = l**3 - 4*l**2 + 15*l - 14. Let b(u) = -9*u - 30. Let k be b(-4). What are the prime factors of d(k)?
2, 37
Let r = 172 + -98. Suppose r + 82 = 3*q. List the prime factors of q.
2, 13
Suppose 15*w - 28 = 13*w. What are the prime factors of w?
2, 7
Let w = 37 - 35. Let z(q) = -q + 3. Let c be z(1). Suppose 0 = -d - 2*t + c, t = w*d + d - 13. List the prime factors of d.
2
Suppose -764 = -4*w + n + 742, w + 4*n - 385 = 0. What are the prime factors of w?
13, 29
Let p be 3 - (-1 + 0 + -168). Let t = -2 + 7. Suppose a = t*a - p. What are the prime factors of a?
43
Let k be 1*4*(-2 + (-34)/(-8)). What are the prime factors of 677/k + 18/(-81)?
3, 5
Let y(a) = 4*a + 20. Let k be y(-6). Let b(z) = -z**2 - 5*z - 2. Let t be b(k). Suppose 0*w + 3*w - 57 = -3*h, t*w = 5*h + 17. List the prime factors of w.
2
Suppose -11*a - 5681 + 30585 = 0. What are the prime factors of a?
2, 283
Suppose -4*c = -2705 - 5539. What are the prime factors of c?
3, 229
Suppose 0*x - 59 = 3*v - 2*x, -4*x = -4*v - 76. List the prime factors of (-951)/v + (-1)/(21/6).
3, 5
Let b = -192 + 1735. What are the prime factors of b?
1543
Let v(p) = -p + 4. Let f be v(3). Let